{"id":2735,"date":"2020-07-06T13:55:28","date_gmt":"2020-07-06T18:55:28","guid":{"rendered":"https:\/\/mppromedical.com\/usa\/product\/esparadrapo-tela-4-x-10-yds-hospitalario-x-corte\/"},"modified":"2023-12-18T14:17:04","modified_gmt":"2023-12-18T19:17:04","slug":"adhesive-cotton-cloth-tape-surgical-all-of-4-x-10-yds-box-for-3-rolls","status":"publish","type":"product","link":"https:\/\/mppromedical.com\/usa\/product\/adhesive-cotton-cloth-tape-surgical-all-of-4-x-10-yds-box-for-3-rolls\/","title":{"rendered":"Adhesive Cotton &#8211; Cloth Tape &#8211; Surgical All of 4&#215;10 yds. Box for 3 rolls"},"content":{"rendered":"<h3><strong>Features, Advantages, and Benefits:<\/strong><\/h3>\n<ul>\n<li>Hypoallergenic Adhesive, leaves no residue when removed.<\/li>\n<li>Good Adhesiveness, does not easily come off even after extended periods of use.<\/li>\n<li>Does not cause mechanical irritation on the skin when removed. Zinc Oxide and Lanolin act as astringents, aiding in the relief of mild irritations.<\/li>\n<li>High performance on all skin types.<\/li>\n<\/ul>\n<p><img loading=\"lazy\" class=\"alignnone size-full wp-image-5339\" src=\"https:\/\/mppromedical.com\/usa\/wp-content\/uploads\/2020\/07\/Esparadrapo-General-1.jpg\" alt=\"\" width=\"988\" height=\"617\" srcset=\"https:\/\/mppromedical.com\/usa\/wp-content\/uploads\/2020\/07\/Esparadrapo-General-1.jpg 988w, https:\/\/mppromedical.com\/usa\/wp-content\/uploads\/2020\/07\/Esparadrapo-General-1-980x612.jpg 980w, https:\/\/mppromedical.com\/usa\/wp-content\/uploads\/2020\/07\/Esparadrapo-General-1-480x300.jpg 480w\" sizes=\"(min-width: 0px) and (max-width: 480px) 480px, (min-width: 481px) and (max-width: 980px) 980px, (min-width: 981px) 988px, 100vw\" \/><\/p>\n","protected":false},"excerpt":{"rendered":"<p>Self-Adhesive Cotton Tape \u2013 Material woven from 100% cotton, uniformly coated on its inner surface with pressure-sensitive adhesive \u2013 High and long-lasting adhesiveness. Presentation: Box of 3.<\/p>\n","protected":false},"featured_media":5341,"comment_status":"closed","ping_status":"closed","template":"","meta":{"_et_pb_use_builder":"off","_et_pb_old_content":"<h3><strong>Caracter\u00edsticas, ventajas y beneficios:<\/strong><\/h3>\r\n<ul>\r\n \t<li>Adhesivo Hipoalerg\u00e9nico, no deja residuos al ser retirado.<\/li>\r\n \t<li>Buena Adhesividad, no se desprende f\u00e1cilmente aun despu\u00e9s de largos periodos de uso.<\/li>\r\n \t<li>No produce irritaci\u00f3n mec\u00e1nica sobre la piel al ser retirada. El Oxido de Zinc mas Lanolina, act\u00faan como astringentes que ayudan al alivio de irritaciones leves.<\/li>\r\n \t<li>Alto desempe\u00f1o en cualquier tipo de piel.<\/li>\r\n<\/ul>\r\n\u00a0","_et_gb_content_width":"","_joinchat":[]},"product_cat":[98,76],"product_tag":[],"aioseo_notices":[],"_links":{"self":[{"href":"https:\/\/mppromedical.com\/usa\/wp-json\/wp\/v2\/product\/2735"}],"collection":[{"href":"https:\/\/mppromedical.com\/usa\/wp-json\/wp\/v2\/product"}],"about":[{"href":"https:\/\/mppromedical.com\/usa\/wp-json\/wp\/v2\/types\/product"}],"replies":[{"embeddable":true,"href":"https:\/\/mppromedical.com\/usa\/wp-json\/wp\/v2\/comments?post=2735"}],"wp:featuredmedia":[{"embeddable":true,"href":"https:\/\/mppromedical.com\/usa\/wp-json\/wp\/v2\/media\/5341"}],"wp:attachment":[{"href":"https:\/\/mppromedical.com\/usa\/wp-json\/wp\/v2\/media?parent=2735"}],"wp:term":[{"taxonomy":"product_cat","embeddable":true,"href":"https:\/\/mppromedical.com\/usa\/wp-json\/wp\/v2\/product_cat?post=2735"},{"taxonomy":"product_tag","embeddable":true,"href":"https:\/\/mppromedical.com\/usa\/wp-json\/wp\/v2\/product_tag?post=2735"}],"curies":[{"name":"wp","href":"https:\/\/api.w.org\/{rel}","templated":true}]}}