{"id":2727,"date":"2020-07-06T13:55:28","date_gmt":"2020-07-06T18:55:28","guid":{"rendered":"https:\/\/mppromedical.com\/usa\/product\/esparadrapo-tela-1-x-1-yarda-carrete-2\/"},"modified":"2023-12-19T12:17:40","modified_gmt":"2023-12-19T17:17:40","slug":"adhesive-cotton-cloth-tape-1-x-1-yard-box-for-24-rolls","status":"publish","type":"product","link":"https:\/\/mppromedical.com\/usa\/product\/adhesive-cotton-cloth-tape-1-x-1-yard-box-for-24-rolls\/","title":{"rendered":"Adhesive Cotton \u2013 Cloth Tape 1 x 1 yard box for 24 rolls"},"content":{"rendered":"<h3><strong>Caracter\u00edsticas, ventajas y beneficios<\/strong><\/h3>\n<ul>\n<li>Adhesivo Hipoalerg\u00e9nico, no deja residuos al ser retirado.<\/li>\n<li>Buena Adhesividad, no se desprende f\u00e1cilmente aun despu\u00e9s de largos periodos de uso.<\/li>\n<li>No produce irritaci\u00f3n mec\u00e1nica sobre la piel al ser retirada. El Oxido de Zinc mas Lanolina, act\u00faan como astringentes que ayudan al alivio de irritaciones leves.<\/li>\n<li>Alto desempe\u00f1o en cualquier tipo de piel.<\/li>\n<\/ul>\n<p><img loading=\"lazy\" class=\"alignnone wp-image-4897 size-full\" src=\"https:\/\/mppromedical.com\/usa\/wp-content\/uploads\/2020\/07\/Esparadrapos-carrete-General.jpg\" alt=\"\" width=\"988\" height=\"617\" srcset=\"https:\/\/mppromedical.com\/usa\/wp-content\/uploads\/2020\/07\/Esparadrapos-carrete-General.jpg 988w, https:\/\/mppromedical.com\/usa\/wp-content\/uploads\/2020\/07\/Esparadrapos-carrete-General-980x612.jpg 980w, https:\/\/mppromedical.com\/usa\/wp-content\/uploads\/2020\/07\/Esparadrapos-carrete-General-480x300.jpg 480w\" sizes=\"(min-width: 0px) and (max-width: 480px) 480px, (min-width: 481px) and (max-width: 980px) 980px, (min-width: 981px) 988px, 100vw\" \/><\/p>\n","protected":false},"excerpt":{"rendered":"<p>Self-Adhesive Cotton Tape \u2013 Material woven from 100% cotton, uniformly coated on its inner surface with pressure-sensitive adhesive \u2013 High, long-lasting adhesiveness.<br \/>\nPresentation: Box for 24<\/p>\n","protected":false},"featured_media":4905,"comment_status":"closed","ping_status":"closed","template":"","meta":{"_et_pb_use_builder":"","_et_pb_old_content":"","_et_gb_content_width":"","_joinchat":[]},"product_cat":[98,76],"product_tag":[],"aioseo_notices":[],"_links":{"self":[{"href":"https:\/\/mppromedical.com\/usa\/wp-json\/wp\/v2\/product\/2727"}],"collection":[{"href":"https:\/\/mppromedical.com\/usa\/wp-json\/wp\/v2\/product"}],"about":[{"href":"https:\/\/mppromedical.com\/usa\/wp-json\/wp\/v2\/types\/product"}],"replies":[{"embeddable":true,"href":"https:\/\/mppromedical.com\/usa\/wp-json\/wp\/v2\/comments?post=2727"}],"wp:featuredmedia":[{"embeddable":true,"href":"https:\/\/mppromedical.com\/usa\/wp-json\/wp\/v2\/media\/4905"}],"wp:attachment":[{"href":"https:\/\/mppromedical.com\/usa\/wp-json\/wp\/v2\/media?parent=2727"}],"wp:term":[{"taxonomy":"product_cat","embeddable":true,"href":"https:\/\/mppromedical.com\/usa\/wp-json\/wp\/v2\/product_cat?post=2727"},{"taxonomy":"product_tag","embeddable":true,"href":"https:\/\/mppromedical.com\/usa\/wp-json\/wp\/v2\/product_tag?post=2727"}],"curies":[{"name":"wp","href":"https:\/\/api.w.org\/{rel}","templated":true}]}}